4*g**3 + g**2 - g + 1. Let a be x(1). Suppose 8*d - 3*d = a, 41 = 2*f + d. Calculate the greatest common factor of 8 and f.
4
Let m = 559 + -517. Calculate the greatest common divisor of 189 and m.
21
Let w(j) = -j**3 - 27*j**2 - 112*j + 34. Let z be w(-23). Calculate the greatest common divisor of z and 342.
38
Suppose -2 = -m + 5. Let y be 4/m + (-10)/(-7). Suppose 25 = 5*f - 25. What is the highest common divisor of f and y?
2
Let y = -610 - -678. What is the highest common divisor of 323 and y?
17
Let q be 1/3 - 131/(-3). Let a be (-4)/6*81/(-6). Suppose -5*l = -a*l + 16. What is the highest common divisor of q and l?
4
Let o(x) = x**3 + 18*x**2 + 73*x - 4. Let r be o(-10). Calculate the highest common divisor of r and 36.
6
Let x = 166 - 105. Suppose 3*y + 5*l - x = 0, 21 + 10 = 3*y - l. Suppose -92*f + 95*f - 24 = 0. Calculate the highest common factor of f and y.
4
Let v = 229 - 195. Suppose -3*a + 21 = 3*p, -2*a + 18 = -p + 2*a. Let y be p/(-8) + 4356/16. What is the greatest common divisor of y and v?
34
Suppose -5 = -4*o + 3. Suppose -o*f + 62 + 6 = 0. Calculate the highest common factor of 85 and f.
17
Let r(k) = -5*k**3 - k**2. Let c be r(-1). Suppose 4*z = 4*j + 13 - 5, -4*z - 4*j - 24 = 0. Let a be 1/z*-7*c. What is the greatest common divisor of 7 and a?
7
Let c(u) = 2*u**2 - 483*u - u**2 + 474*u + 28. Let m be c(12). Calculate the highest common factor of 8 and m.
8
Suppose -4*m = -194 - 46. Let p = m - -2. Suppose -22 = -d + 4*x, d = 6*d + 4*x - p. What is the highest common factor of d and 28?
14
Let i(n) = 5*n**3 - 4. Let a be i(4). Suppose 2*f + 166 = u + 6*f, a = 2*u + 4*f. What is the highest common divisor of 30 and u?
30
Let q(d) = -d**2 - 23*d + 35. Let n be q(-26). Let m = n - -59. Calculate the greatest common divisor of m and 12.
4
Let f(a) = a**2 + 9*a + 38. Let y be f(13). Calculate the greatest common divisor of 48 and y.
12
Suppose -13*w + 15 = -8*w. Let a be (1 + -21)*(-12)/10. Calculate the greatest common factor of a and w.
3
Let n be (-223)/(-11) - 36/132. Calculate the highest common divisor of n and 5.
5
Suppose 6*t - 2976 = -0*t. Suppose 115 = j - 2*a, j + 3*j = -4*a + t. What is the greatest common factor of j and 11?
11
Suppose 2*f = l + 7 + 2, 3*f - 2*l = 16. Suppose -f*y = -4*x + 48, 0 = -3*x + 4*y + 31 - 5. Calculate the highest common divisor of 98 and x.
14
Let i be (44/(-55))/((-8)/380). What is the greatest common factor of i and 608?
38
Let i = -63 - -66. Let w be (-5)/2*20/(-25). What is the highest common factor of i and w?
1
Let u(v) be the third derivative of v**4/2 - v**3/3 - 3*v**2 + 9*v. Let n be u(1). Calculate the highest common divisor of 50 and n.
10
Suppose 2*v - 2*h = 300, -3*v + 5*h - 174 = -4*v. What is the greatest common divisor of 28 and v?
14
Suppose -83 = -45*l + 367. Let z be -18*(-3)/(18/20). Calculate the highest common divisor of z and l.
10
Suppose 2*k = -3*h - 0*h - 136, h + 4*k + 32 = 0. Let o = h - -75. What is the highest common factor of o and 9?
9
Suppose 19*y + 345 = 42*y. What is the highest common factor of y and 24?
3
Let b = 172 + -98. What is the greatest common factor of b and 185?
37
Suppose -36 = -8*p + 5*p. Let h be ((-4)/6)/(4/(-24)). Let a = p - h. What is the highest common divisor of 8 and a?
8
Let m be 9/6*(3 - 1). Let b be 1/m + 64/6. Let g = -10187 - -10242. What is the highest common divisor of g and b?
11
Suppose 45 = -14*o + 745. Calculate the greatest common divisor of o and 3500.
50
Suppose -5*b - 4 = 11. Let c = -1 - b. Suppose -c*g = -0*g - 32. What is the greatest common factor of 4 and g?
4
Let u be 688/(-6)*(-1 - -2)*-6. Calculate the greatest common divisor of 215 and u.
43
Let o(a) = -16*a - 132. Let h be o(-10). What is the greatest common divisor of h and 280?
28
Let a(f) = -3*f**2 - 13 + 0*f**2 + f**3 - f + 11 + 6*f**2. Let x be a(-3). Suppose 3*w = -x + 13. Calculate the highest common factor of w and 2.
2
Suppose -270 = 8*v - 2*v. Let k = v + 47. What is the greatest common factor of 4 and k?
2
Suppose 13*o + 271 = 466. What is the greatest common divisor of 195 and o?
15
Suppose -4*m + 15 = m. Suppose m*r + 2*h = 5 + 7, 2*h = -4*r + 16. Suppose 0 = -3*l + r*l - 1. Calculate the highest common factor of 9 and l.
1
Suppose -3*d = 4*v - 595, 0 = -v + 5*d + 4 + 116. Calculate the highest common factor of v and 2.
1
Let c be ((-4)/(-2))/(1/2). Suppose -r = 5*h - 96, 3*r = -c*h + 65 + 14. Let a = -4088 + 4145. What is the highest common divisor of h and a?
19
Suppose 0 = -22*p + 7*p + 15. What is the greatest common divisor of p and 1?
1
Suppose -5*r - v = -66, 0 = 5*r + 5*v - 35 - 15. Let g be 2 + r + -1 + -1. What is the highest common divisor of 154 and g?
14
Suppose -259 = -j - 43. What is the greatest common factor of 96 and j?
24
Let f be (-2)/(-5)*25/2. Suppose 0 = f*j - 8*j + 171. Calculate the highest common divisor of 76 and j.
19
Let w = -2627 - -3294. Calculate the greatest common divisor of 58 and w.
29
Suppose -2*x - 128 = -5*v, -5*x - 22 - 328 = -5*v. Let p = 78 + x. Calculate the highest common divisor of p and 28.
4
Let k(s) = -13*s. Let q be k(-3). Calculate the greatest common factor of q and 2.
1
Let d = -90 + 86. Let i(g) = -18*g - 7. Let b be i(d). Calculate the greatest common factor of 52 and b.
13
Let y be ((-186)/4)/((-18)/48) + 3. Let p = 133 - y. What is the highest common divisor of 12 and p?
6
Let a(b) = 47*b**2 + 2*b - 3. Suppose 0 = 2*f + d - 0*d - 2, -3*d = 4*f - 4. Let z be a(f). Calculate the greatest common factor of 115 and z.
23
Suppose -14*t = -302 - 104. What is the highest common factor of 1073 and t?
29
Let c(i) = -2*i**2 - 36*i - 50. Let d be c(-15). Calculate the greatest common divisor of 440 and d.
40
Suppose -17*m + 5586 = 32*m. Calculate the greatest common divisor of m and 66.
6
Let j be (-1)/(-3) - 3/((-54)/4944). Let l be j - ((-1)/5 - (-16)/5). What is the highest common factor of l and 17?
17
Let w(g) = -g**3 - 4*g**2 + 7*g + 22. Let m be w(-5). Calculate the greatest common divisor of m and 972.
12
Let y(w) = -w**2 + 7*w - 9. Let l be y(4). Calculate the highest common factor of l and 12.
3
Let v(n) = 0*n + 16 - 14 - n + 38. Let q be v(10). What is the highest common factor of 20 and q?
10
Let s(z) = -3*z**2 + 2*z + 11. Let g(a) = 3*a**2 - a - 10. Let t(h) = -2*g(h) - 3*s(h). Let q be t(-6). Calculate the greatest common divisor of q and 17.
17
Let r be (-4)/(-8)*22 + 1. Let h(a) = a**2 - 10*a - 8. Let p be h(r). Calculate the greatest common divisor of 64 and p.
16
Let i be (6 - 9 - -131)*(-54)/(-8). Calculate the greatest common factor of 36 and i.
36
Suppose -4*g + 38 = b - 0*b, 2*b + 5*g = 70. Let j = b + -2. What is the highest common factor of j and 14?
14
Let u = 11 - 3. Let r be (-8)/(7 - 3) + u. Let c be (-10)/(-15) - (-44)/r. Calculate the greatest common divisor of c and 64.
8
Let m = -103 + 159. Let c be ((-45)/36)/((-2)/m). Let n = c + -20. What is the highest common factor of n and 45?
15
Let z(b) = 3*b**2 + 9*b + 18. Let l be z(10). Calculate the greatest common factor of l and 340.
68
Let a = -304 + 153. Let z = a - -157. What is the greatest common divisor of 12 and z?
6
Let n(g) = -g**3 + 13*g**2 + 6*g + 10. Let x be n(13). Let a = -72 + x. Calculate the highest common divisor of a and 208.
16
Suppose w + 4*p + 0*p = 4, -11*p = 2*w - 8. Suppose 5*q + 2*a + 11 = 45, 5*a + 55 = 5*q. Calculate the highest common divisor of w and q.
4
Let f be (0 + 1)*(-2 + 6). Let y = 6 - f. Suppose 0 = 5*m - 2*m + 15, y*k - 87 = 3*m. What is the greatest common divisor of k and 54?
18
Let d = 116 - 78. What is the highest common factor of d and 190?
38
Suppose 21*u - 3120 = u. Calculate the greatest common factor of 260 and u.
52
Let n be 3/(-33) + 42372/242. What is the greatest common divisor of 275 and n?
25
Let p be ((-90)/(-8))/((-3)/(-8)). What is the greatest common divisor of 15 and p?
15
Suppose -2*w - 3*y = -34, -w - 29 = -4*w + y. Suppose w + 7 = 2*z. Let p = 11 - z. Calculate the greatest common factor of 14 and p.
2
Let x = 1327 + -932. Suppose 2*y - 14 - 56 = -i, y = -5*i + x. What is the greatest common divisor of 20 and i?
20
Suppose 15*h + 4*z - 623 = 12*h, z - 835 = -4*h. What is the highest common factor of 57 and h?
19
Let c = -879 - -880. What is the greatest